- 4 = b - 2*c. Let g(r) = r**2 - 5*r + 2. Calculate g(b).
8
Let d(q) = -q**2 - 13*q - 26. Suppose -56*w = -61*w - 3*i - 25, 2*i + 6 = 2*w. Determine d(w).
-4
Let i(l) = l**2 + 2*l + 3. Let j = 54 + -50. Suppose 4*d - 62 = 4*a - 10, 0 = -j*d - 3*a + 52. Suppose 0 = -2*r + 9 - d. Give i(r).
3
Let g(b) = -85*b**2 + 44*b**2 + 40*b**2 + 2*b**3. Suppose 0 = -p - 3*p - 4*r + 584, 294 = 2*p + 3*r. Let s = -145 + p. Calculate g(s).
-3
Let j(t) = 3 - 20*t + t + 3*t**2 + 17*t - 5. Calculate j(2).
6
Let l(r) = 9*r**2 - 29*r + 851. Let t(c) = 5*c**2 - 15*c + 486. Let f(j) = -4*l(j) + 7*t(j). Suppose -39 + 11 = -4*x. Determine f(x).
26
Let k(r) be the first derivative of r**3/3 - 6*r**2 + 16*r + 3. Let t be k(11). Suppose 30 = -t*p - 3*y, 2*p + 2 = -3*y - 10. Let x(i) = i - 1. Give x(p).
-7
Let h(a) = -a**2 - 17*a + 5. Let l be (15 - -3 - 3)*114/(-95). Give h(l).
-13
Let x(a) = 7 - 25717*a - 6 - 3*a**2 + 25713*a. Calculate x(-6).
-83
Let f be (-8)/(((-108)/(-15) - 7)*(-15)/(-9)). Let m(h) = 4*h + 99. Give m(f).
3
Let r(m) be the third derivative of m**6/20 - 11*m**5/60 + m**3/6 + 2187*m**2 + 2. What is r(1)?
-4
Let m = -42 + 45. Suppose m*q + 3*o = -6, -4*o + 13 = -4*q + q. Let p(j) = j**2 + 4*j + 6. Let b be p(q). Let a(v) = v**3 - 2*v**2 - 3*v + 4. Give a(b).
4
Let y(p) be the first derivative of -p - 206. Let g(d) be the second derivative of d**3/2 - 2*d. Let i(q) = g(q) + 4*y(q). What is i(5)?
11
Let v(l) = -2*l**2 + 6*l**2 + l - 2753 - 2581 + 5336. Let a = -1 + -1. Give v(a).
16
Let a(u) = -27*u + 142. Let n be a(5). Let l(z) = 8*z + 20 - 15 - n. Give l(-2).
-18
Let r(l) = -l**3 - l**2 - l + 67. Suppose 0 = -3*w - 20*w - 8*w. Determine r(w).
67
Let b(t) be the first derivative of t**4/2 - 5*t**3/3 - 6*t - 1739. Give b(3).
3
Let c(r) = r**3 + 5*r**2 + 2*r + 4. Suppose 30*b - 43*b + 26 = 0. Suppose 4*z - 8*z - 22 = b*i, 5*z + 28 = -3*i. Calculate c(z).
-6
Let u(t) = t + 26. Let a(f) = 2*f + 33. Let y(b) = -a(b) + u(b). Let i = -23 + 16. What is y(i)?
0
Suppose -20 = -5*r + 5*v, v - 20 = -3*r - 4*v. Let c(w) = -w**2 - 10 + 0*w - r*w + 14*w. Give c(5).
10
Let v(p) = 7*p**2 + 7*p + 6. Let f(q) = 6*q**2 + 7*q + 6. Let y(t) = 6*f(t) - 5*v(t). Suppose 71*d + 315 = 92*d. Suppose -81*g + d = -84*g. Give y(g).
-4
Let q(b) be the third derivative of 0 + 0*b - 1/6*b**3 + 10*b**2 + 1/10*b**6 - 1/60*b**5 - 1/12*b**4. Let c be ((-3)/(-12))/((-13)/52). Calculate q(c).
-12
Let l = 2996 + -2993. Let u(h) = h - 2. Let y be u(4). Let j(c) = y*c**2 + c**2 - c**2 - 1 - 3*c. Give j(l).
8
Let w(f) = -44*f**2 - 2*f**3 + f - 13 + 71*f**2 + 13*f - 2 + 7. Give w(14).
-8
Let z(y) be the second derivative of -y**5/20 - 2*y**4/3 + 11*y**3/6 + 5*y**2 - 523*y. Give z(-8).
-78
Let q(f) = -2*f**2 - 11*f - 62. Let c(t) = 2*t**2 + 10*t + 48. Let d(o) = 4*c(o) + 3*q(o). Suppose -w = 4 + 1. Calculate d(w).
21
Let o be (-2)/(-1*(0 + 1)). Let c(q) = 2*q**o - 3*q + 6*q**2 - q**3 - 4*q. Suppose -1429*b + 546 = -1351*b. Give c(b).
0
Let p(z) be the second derivative of z**5/10 - 17*z**4/2 + 49*z**3/3 + 47*z**2 + 846*z + 3. What is p(50)?
-6
Let j(r) = -r**2 - 4*r + 192*r**3 + 7*r**2 - 5 - 87*r**3 - 104*r**3. Determine j(-4).
43
Let l(f) = f**3 + 7*f**2 - 8*f + 16. Let s = -10739 - -10731. Give l(s).
16
Let a(t) be the third derivative of -t**5/30 + 9*t**4/8 - 25*t**3/3 - 7*t**2 + 2*t + 10. What is a(11)?
5
Suppose -q - 1 = -2. Let j(o) be the second derivative of 7*o**4/6 + o**3/3 - o**2/2 - 1039*o. What is j(q)?
15
Let v(d) = d**3 + 9*d**2 + 14*d - 1. Let q(i) = 14*i - 847. Let x be q(60). Calculate v(x).
-1
Let q(c) = -18*c + 3. Let v(r) = -2*r - 12. Let x(y) = q(y) - 3*v(y). What is x(3)?
3
Let g(w) = 6*w**3 - 4*w - 1. Let r(q) = -5*q**3 + q**2 + 5*q - 1. Let d be 30/(-18) + 51/9. Let k(v) = d*g(v) + 5*r(v). Calculate k(6).
9
Let f(s) = -s**3 - 37*s**2 - 322*s - 941. Let v be f(-26). Suppose -10 - 22 = -4*r. Let d(o) = -4*o**2 + r + 3*o**2 - 3 - 6*o. Determine d(v).
10
Let r(o) = -o**2 + 24*o + 4. Let v be r(22). Suppose 10*l - 18*l = -v. Let t(p) = -p**2 + 5*p - 5. Calculate t(l).
-11
Let c(f) = -f**2 + f. Let j(n) = n**3 + 5*n**2 - 6*n - 5. Let m(b) = 5*c(b) + j(b). Let g(u) = u**2 - u - 6. Let o be g(3). Give m(o).
-5
Suppose 2*b = -200 + 196. Let o(v) = v**3 + 5*v**2 + 6*v - 2. Determine o(b).
-2
Let i(x) = 65*x - 5519. Let d be i(85). Let o(v) = -5*v - 4. Let w = 6 + 1. Let r(b) = 4*b + 3. Let a(t) = w*r(t) + 6*o(t). Calculate a(d).
-15
Let i(y) be the second derivative of -y**5/20 + y**4/4 - 5*y**3/6 + y**2/2 - 19*y. Let u be -16*(45/120)/(6/(-4)). Determine i(u).
-35
Suppose 0 = 3*x + 2*t + 24, 161*x - 159*x + t = -14. Let c(h) = h**2 + 5*h. Let p(k) = -2*k**2 - 9*k - 1. Let d(a) = 5*c(a) + 3*p(a). What is d(x)?
-11
Let v(b) be the first derivative of 17*b**3/3 - b**2 - 1788. Calculate v(-1).
19
Let w(t) = -7*t**2 - 5*t + 1. Let v(l) = 11*l**2 + 8*l - 2. Let a(i) = 5*v(i) + 8*w(i). Suppose 12*y + 41*y = 6*y. Calculate a(y).
-2
Let v(y) = 9 - 6*y - 8 + 66 - 6. What is v(18)?
-47
Let y(g) be the first derivative of -1/2*g**2 + 4*g - 27. Calculate y(-3).
7
Suppose -3*g - 3*d - 12 + 3 = 0, -4*g - 2*d = 18. Let x(z) be the first derivative of -8*z - 1/2*z**2 - 59. What is x(g)?
-2
Suppose 9*g = 31*g + 10*g. Let q(l) be the first derivative of -l**5/120 + l**4/12 + 2*l**3/3 + 4. Let u(k) be the third derivative of q(k). Give u(g).
2
Suppose 2*w + 4*d = 6, -3*w - 3*d + 0*d = -9. Let o(q) = 2 + 29*q - 55*q - w + 22*q. What is o(-1)?
3
Let y(o) = -o - 20. Let t be y(-19). Let h(a) = 2 - 264*a + 266*a - 17*a**2 - 10*a**2 + 31*a**2. Determine h(t).
4
Let b be 3/(-6)*(-5 - 9). Let g(d) = -33*d**2 - 17*d + 11. Let q(m) = 20*m**2 + 9*m - 6. Let h(x) = -3*g(x) - 5*q(x). Determine h(b).
-10
Let u(g) = -g + 6. Let b be ((-50)/(-3))/((-4)/(-6)). Let f = 112 - 132. Let x = f + b. What is u(x)?
1
Suppose 0 = l, 2*x - 4*x + 2*l - 8 = 0. Let c(r) = -6*r - 15. Calculate c(x).
9
Suppose 0 = 10*p - 4 - 16. Suppose -35 = -p*y - 5*y. Suppose -25 = -5*w, 3 = -3*v - y*w + 13. Let g(u) = 6*u + 5. Give g(v).
-25
Let q(l) = 14 + 2235*l**2 + l**3 - 4505*l**2 + 2262*l**2 + 85 - 19*l. Calculate q(9).
9
Suppose -19*w = 77*w + 29*w. Let n(o) = 4*o - 2. Calculate n(w).
-2
Let l(d) = 6*d**2 + 16*d - 5. Let c(u) = -u**2 - 2*u + 1. Let n(y) = -7*c(y) - l(y). Suppose j + 8 = 5*k, 4*j - 11 = -3. What is n(k)?
-2
Let g(u) = u**3 - 4*u**2 - 2*u + 3. Suppose 25*i - 22*i = 1179. Let k = 397 - i. Determine g(k).
-5
Suppose 5*o + 79 = 4*n, -5*n = 3*o + 2*o + 115. Let m(k) = 1505*k**3 + 1172 - 1161 - 1506*k**3 - 19*k - 20*k**2. Determine m(o).
11
Let o(m) = -2*m + 3. Let g(c) = 5*c - 6. Let k(l) = -6*g(l) - 13*o(l). Let d be (-3 + 7)/(36/27). Give k(d).
-15
Let k be 1 + (-1 + -3 - -8). Let v(y) = 2*y + 8 - 18 + 0*y. Calculate v(k).
0
Let m(y) = -10*y + 18. Let x = 15052 + -15046. What is m(x)?
-42
Let v be -4 + 0 + (-12)/12 + 15. Suppose 34 = 4*m + v. Let b(o) = -7 - 2 + 21*o - o**2 - 14*o. Give b(m).
-3
Let u(a) be the second derivative of -a**3/6 + 21*a**2/2 + 6*a + 246. Give u(4).
17
Let v(o) = -3*o + 3. Let j = -693 - -992. Let d = j - 295. Determine v(d).
-9
Let s(o) = -o**3 - 16*o**2 + 16*o - 34. Let k(z) = 40*z + 703. Let m be k(-18). Calculate s(m).
-17
Let s(g) be the second derivative of g**7/2520 - g**6/90 + 7*g**5/120 - 16*g**4/3 + 68*g. Let h(p) be the third derivative of s(p). Give h(7).
0
Let h = 469 - -78. Let t = h + -547. Let z(n) = -5*n - 7. Let s(a) = 14*a + 20. Let p(b) = -4*s(b) - 11*z(b). Give p(t).
-3
Let x(m) = 4*m**2 + 0*m**2 + 9*m - 5*m**2 - 5. Let n = 31 + -27. Suppose -4*h - 21 = 4*i - 53, -n*h + 5*i = -32. Determine x(h).
3
Let a = 210 - 173. Let s(p) = 2*p - 41 + 81 - a. Give s(-2).
-1
Let w(h) = -3*h - 4. Suppose -y + 0 = -4. Let m be (((-16)/(-3))/y)/(6/9). Suppose 0 = 2*c + 4*u - m, -u - 3*u - 4 = 4*c. Give w(c).
5
Let w(n) = 5*n**3 + 8*n**2 - 6*n. Let j(p) = -7*p**3 - 9*p**2 + 7*p - 1. Let q be 50/(-11) + 18/33. Let m(s) = q*w(s) - 3*j(s). Determine m(4).
-1
Let b(v) = -2*v - 1047. Let x(g) = -g + 90. Let q(o) = -b(o) - 13*x(o). Determine q(9).
12
Let i(r) = -4*r**2 - 11*r**3 + 4 - 18*r + 10*r**3 + 21*r. Let n = -1192 + 1188. Determine i(n).
-8
Let r(f) = -f**3 - 9*f**2 - 9*f - 5. Let m = 219 + -27. Let d = m + -200. Determine r(d).
3
Let r(w) = -w**2 - 5*w + 8. Let c(l) = 3 + 7*l + 2*l**2 - 3 - 